 - 12*k + 6. Give y(-7).
-8
Let j(l) = l**3 + 8*l**2 + 7*l + 4. Determine j(-7).
4
Let r(o) = -4*o. Calculate r(8).
-32
Let h(z) = -z**2 + 3*z + 42. Determine h(8).
2
Let r(s) = s**2 - 14*s + 8. Give r(14).
8
Let x(w) = 48*w - 165. Give x(3).
-21
Let a(z) = -2*z + 11. Determine a(-8).
27
Let b(q) = q**3 + q**2 + q. Determine b(0).
0
Let o(b) = b**2 - 33*b - 90. What is o(-3)?
18
Let x(g) = -g**3 + 5*g**2 + 16*g + 8. Calculate x(7).
22
Let u(n) = -n**3 - 36*n**2 - 73*n - 65. Calculate u(-34).
105
Let i(n) = -n**3 + 10*n**2 + 10*n + 13. Calculate i(11).
2
Let d(s) = s - 20. Give d(8).
-12
Let m(s) = s + 15. What is m(-24)?
-9
Let y(n) = n**3 + 8*n**2 - 9*n - 8. Give y(-9).
-8
Let j(i) = -7*i + 43. Calculate j(-11).
120
Let j(n) = n**3 + 20*n**2 - 20*n + 26. What is j(-21)?
5
Let s(v) = -2*v + 48. What is s(0)?
48
Let s(w) = w**2 + 1. What is s(-10)?
101
Let g(w) = w**3 - 28*w**2 - 30*w + 3. Determine g(29).
-26
Let h(v) = v**3 - 7*v**2 - 4*v - 9. Calculate h(7).
-37
Let f(w) = -w**3 + 12*w**2 - 11*w - 3. Calculate f(11).
-3
Let f(h) = -h**3 - 4*h**2 + 5*h + 3. Give f(-5).
3
Let x(h) = -h**2 - 21*h - 109. Determine x(-7).
-11
Let z(h) = h**3 - 15*h**2 - 99*h + 9. What is z(20)?
29
Let y(h) = -2*h**3 - 3*h**2 + 15*h. Calculate y(-4).
20
Let c(g) = 4*g + 16. Calculate c(7).
44
Let o(i) = i**3 - 28*i**2 + 81*i - 18. Calculate o(25).
132
Let i(v) = 33*v**3 - 2*v**2 + v. What is i(1)?
32
Let u(b) = -b**3 - 23*b**2 - 20*b + 45. Calculate u(-22).
1
Let z(r) = 12*r + 2. Give z(5).
62
Let t(s) = 28*s - 301. Determine t(11).
7
Let r(g) = -g**3 + 24*g**2 - 26*g + 77. Calculate r(23).
8
Let y(a) = -8*a**3 + 4*a + 4. Calculate y(-1).
8
Let p(l) = l**3 - l**2 - 6*l - 1. Give p(5).
69
Let d(n) = -n**2 - 31*n - 1. Calculate d(-31).
-1
Let s(o) = o**3 - 15*o**2 + 13*o + 15. Calculate s(14).
1
Let c(n) = -2*n**2 - 9*n. Determine c(-6).
-18
Let r(x) = -2*x - 1. Give r(1).
-3
Let v(p) = -6*p**2 - 3*p + 1. Calculate v(2).
-29
Let l(v) = -11*v + 12. Calculate l(8).
-76
Let o(i) = 2*i**2 + 8*i + 7. Determine o(-3).
1
Let x(p) = -p**2 + 38. Calculate x(0).
38
Let o(k) = -k**2 - 10*k + 10. Calculate o(0).
10
Let z(m) = -m**3 + 4*m**2 - 3*m + 7. Give z(4).
-5
Let c(r) = 3*r**2 + 13*r - 20. Determine c(-8).
68
Let u(b) = -2*b**2 - 11*b - 13. Calculate u(-4).
-1
Let k(z) = 5*z + 13. What is k(0)?
13
Let r(b) = 25*b - 1. What is r(1)?
24
Let w(o) = -2*o**2 + 1. Determine w(2).
-7
Let i(a) = 2*a**2 + 6*a + 5. What is i(-3)?
5
Let k(l) = 3*l - 32. What is k(9)?
-5
Let i(z) = -z**2 - 9*z + 2. Determine i(-10).
-8
Let l(h) = -h**2 + 6*h + 7. Calculate l(5).
12
Let z(u) = -u**3 + 37*u**2 + 259*u - 42. What is z(43)?
1
Let k(g) = -4*g**2 - 5*g - 8. Give k(-4).
-52
Let g(j) = -j**3 + 5*j**2 + j - 8. Calculate g(6).
-38
Let n(p) = 24*p + 55. Determine n(-3).
-17
Let k(s) = s**2 - 3*s - 19. Calculate k(7).
9
Let p(c) = 16*c + 45. Give p(-5).
-35
Let v(x) = -11*x - 75. Calculate v(-6).
-9
Let k(l) = -l**2 + 24*l - 43. Calculate k(22).
1
Let m(a) = -13*a - 2. Give m(-1).
11
Let b(k) = k**3 - 24*k**2 + 19*k + 91. Determine b(23).
-1
Let v(w) = w**3 - 44*w**2 + 45*w - 71. Calculate v(43).
15
Let b(j) = 25*j + 166. Determine b(-6).
16
Let g(s) = -s**3 - 6*s**2 + s - 43. Calculate g(-7).
-1
Let u(p) = -p**2 + 9*p - 3. Give u(13).
-55
Let t(g) = -23*g - 174. Determine t(-7).
-13
Let h(o) = -o**3 + 3*o**2 - o + 1. Calculate h(3).
-2
Let o(v) = -6*v**3 - v**2 - 1. Give o(1).
-8
Let k(s) = 3*s - 3. What is k(-4)?
-15
Let p(o) = -o**2 + 22*o - 13. Calculate p(23).
-36
Let g(t) = -t**3 + 5*t**2 + 6*t - 5. Calculate g(5).
25
Let w(q) = q**2 + 20*q - 68. Determine w(-22).
-24
Let h(x) = -x**2 - 2*x - 9. Give h(0).
-9
Let d(f) = -36*f**2 - 7*f - 7. Determine d(-1).
-36
Let c(z) = z**2 - 8*z - 4. Give c(4).
-20
Let a(b) = -b**3 - 4*b**2 + b + 3. Give a(-4).
-1
Let c(k) = k**2 - 1. What is c(-5)?
24
Let u(i) = 2*i**3 - 6*i**2 + 5*i - 7. Determine u(3).
8
Let a(w) = w**3 + 37*w**2 + 2*w + 86. Determine a(-37).
12
Let g(o) = -o - 12. Determine g(5).
-17
Let q(h) = h**2 - h. Give q(-2).
6
Let c(z) = -73*z**2 + 5*z + 3. Determine c(-1).
-75
Let u(d) = d**2 - 3*d + 2. Determine u(2).
0
Let n(v) = 25*v - 3. Determine n(2).
47
Let m(q) = q**3 + 11*q**2 - 28*q - 27. Give m(-13).
-1
Let x(o) = 3*o**2 - 20*o + 33. Give x(3).
0
Let m(l) = 2*l + 4. Give m(-3).
-2
Let y(a) = -7*a + 172. Give y(25).
-3
Let u(b) = -b**2 - 2*b - 12. Give u(-12).
-132
Let q(y) = -2*y**3 - 20*y**2 + 22*y - 6. Calculate q(-11).
-6
Let v(f) = -7*f - 9. Give v(-9).
54
Let x(h) = -h - 21. Determine x(-13).
-8
Let w(q) = -q**2 + 15*q - 58. Determine w(9).
-4
Let f(d) = -d**3 - d + 23. Calculate f(0).
23
Let s(i) = -i**3 + 8*i + 1. Calculate s(3).
-2
Let q(h) = -h**2 - 1. Give q(0).
-1
Let g(i) = i**2 - 18*i + 72. What is g(6)?
0
Let r(j) = j**3 + 9*j**2 + 2*j + 12. Give r(-9).
-6
Let k(f) = -f - 5. What is k(5)?
-10
Let n(t) = -t**3 - t**2 + 4*t + 1. Determine n(-3).
7
Let z(j) = -2*j**2 - 3*j. Calculate z(-3).
-9
Let h(w) = -4*w + 12. Calculate h(5).
-8
Let r(x) = x**3 + 16*x**2 - 17*x - 2. What is r(-17)?
-2
Let b(x) = 43*x - 75. Give b(2).
11
Let h(r) = r**2 + 13*r + 36. Calculate h(-5).
-4
Let o(u) = -4*u + 30. Determine o(14).
-26
Let g(d) = 9*d**2 + 5*d + 8. Give g(-1).
12
Let z(m) = -m - 28. Give z(-20).
-8
Let q(l) = l**2 - 15*l - 24. Determine q(16).
-8
Let p(i) = i**2 + 3*i + 3. Give p(-3).
3
Let z(v) = -v**3 + 6*v**2 + 2*v - 1. Give z(6).
11
Let r(v) = -14*v + 182. What is r(13)?
0
Let x(d) = d**2 + 11*d + 12. What is x(-10)?
2
Let k(t) = 4*t + 5. What is k(-2)?
-3
Let m(b) = -5*b + 6. What is m(5)?
-19
Let l(u) = -3*u - 93. Give l(-29).
-6
Let w(a) = -a**2 - a + 1. What is w(-2)?
-1
Let k(b) = -15*b - 72. Calculate k(-5).
3
Let c(p) = -p**2 - 2*p - 6. Determine c(0).
-6
Let i(f) = f**3 - 4*f**2 - f + 4. Determine i(4).
0
Let q(j) = -21*j + 4. Give q(-1).
25
Let h(s) = s**2 + 9*s + 7. Determine h(-8).
-1
Let t(u) = -u**2 - 16*u + 167. Give t(-23).
6
Let m(t) = -t**3 + 25*t**2 - 25*t + 26. Determine m(24).
2
Let w(o) = 2*o**3 - 36*o**2 + 30*o + 73. What is w(17)?
5
Let a(m) = 5*m**2 + 16*m + 6. Give a(-3).
3
Let r(i) = -7*i - 7. Calculate r(5).
-42
Let g(y) = 12*y - 310. What is g(25)?
-10
Let r(x) = 6*x**2 - 19*x + 13. Determine r(4).
33
Let o(t) = -t**3 - 4*t**2 - 3*t - 1. Determine o(-2).
-3
Let l(n) = -4*n**2 - 53*n - 17. Give l(-13).
-4
Let o(j) = j + 3. Give o(-6).
-3
Let u(c) = c**3 - 6*c**2 + 11*c - 4. What is u(4)?
8
Let n(v) = -v**2 + 13*v - 17. What is n(12)?
-5
Let q(p) = p**2 - 24*p + 133. Calculate q(15).
-2
Let d(c) = c**2 + 4*c + 1. What is d(-4)?
1
Let i(b) = -b**3 - 5*b**2 + 14*b - 1. Calculate i(-7).
-1
Let d(p) = p. What is d(-5)?
-5
Let y(b) = -b**2 - 5*b + 8. Give y(-4).
12
Let c(i) = -i**3 + 3*i**2 + 8. Determine c(4).
-8
Let d(q) = -4*q + 30. Determine d(11).
-14
Let a(j) = 13*j + 157. What is a(-12)?
1
Let c(d) = d**2 - 14*d + 38. Determine c(11).
5
Let y(j) = -j**3 - 19*j**2 - 19*j - 11. What is y(-18)?
7
Let a(r) = r - 10. Determine a(16).
6
Let y(j) = 12*j - 682. Determine y(56).
-10
Let q(i) = -i**3 - 12*i**2 - 15*i + 12. Determine q(-10).
-38
Let z(u) = -u**3 - 15*u**2 - 12*u + 27. Determine z(-14).
-1
Let n(x) = 7*x**2 - 85*x + 6. Calculate n(12).
-6
Let u(h) = h**3 + 8*h**2 + 6*h - 1. Calculate u(-7).
6
Let r(v) = -13*v**3 - v**2 - 8*v - 3. Calculate r(-2).
113
Let t(c) = -c + 4. Give t(8).
-4
Let q(v) = 4*v**3 + 119*v**2 - 29*v + 24. Determine q(-30).
-6
Let c(j) = 8*j**2 - 3*j + 1. What is c(1)?
6
Let j(q) = -q**2 - 16*q + 3. What is j(-16)?
3
Let o(s) = -s**3 + 14*s**2 + 31*s + 3. Calculate o(16).
-13
Let g(n) = -3*n - 3. Determine g(-9).
24
Let z(b) = 3*b + 93. Calculate z(-29).
6
Let o(h) = -4*h**2 - 6*h + 2. Determine o(-3).
-16
Let p(f) = -f**2 - 20*f - 29. Determine p(-16).
35
Let i(u) = -3*u + 10. Calculate i(3).
1
Let x(z) = -z**3 + 3*z**2 + 4*z + 5. What is x(4)?
5
Let u(y) = y**3 - 10*y**2 + 2*y - 10. Calculate u(9).
-73
Let j(q) = q**3 - 7*q**2 - 4*q - 4. Calculate j(7).
-32
Let u(a) = 8*a - 40. Calculate u(6).
8
Let g(u) = u**2 - 18*u - 6. Calculate g(13).
-71
Let q(b) = 18*b - 102. What is q(6)?
6
Let i(o) = o**3 - 6*o**2 - 11*o - 2. Calculate i(8).
38
Let f(i) = i**2 - 45*i + 444. Determine f(14).
10
Let x(v) = v**3 + 7*v**2 - 3*v + 4. Determine x(-7).
25
Let x(s) = 9*s + 42. C